Let r be -4 + (1 - 2 - -10). Suppose -6 = -o + 5*n + 26, 2*o + 11 = -r*n. Calculate the remainder when 11 is divided by o.
4
Let a(z) = -z - 1. Let j(v) = v**2 - 16*v + 5. Let s = 1 - 2. Let u(b) = s*j(b) + 5*a(b). Calculate the remainder when u(8) is divided by 8.
6
Let b = 7 + -5. Suppose 3*j + 9 = -0*j, -3*l - 2*j = 51. What is the remainder when 17 is divided by ((-9)/b)/(l/20)?
5
Suppose 5*j = -2 + 27. Suppose -j*b + 19 = 3*f, f - 61 = -4*f - b. Let c(u) = -4*u + 5. Calculate the remainder when c(-5) is divided by f.
12
Let s(r) = 15*r + 1. Let x be s(-3). Let t = -27 - x. Let o = 145 - 95. Calculate the remainder when o is divided by t.
16
Suppose -3*r = -4*r - 2, -140 = -5*v + 5*r. What is the remainder when 98 is divided by v?
20
Let t(a) = -a + 6. Let x be t(5). What is the remainder when 7/(4/(43 + x)) is divided by (-100)/(-6)*12/10?
17
Let s(l) = 2 + 6*l - 4*l + 4*l. Calculate the remainder when 37 is divided by s(3).
17
Let q = 4 - -1. What is the remainder when 9 is divided by q?
4
What is the remainder when (725/(-50))/((-2)/4) is divided by 5?
4
Calculate the remainder when 37 - (5/(-5) - -4) is divided by (-4)/10 - 124/(-10).
10
Let q = -14 - -19. What is the remainder when 12 is divided by q?
2
Suppose -5*o = -o - 4. Suppose -4*q - 6 + 2 = 0. What is the remainder when -2 - (-1 - (3 + q)) is divided by o?
0
Suppose 0*w - 5*y - 166 = -3*w, 3*w - 4*y = 164. Calculate the remainder when w is divided by 11.
8
Let i = -23 + 42. Calculate the remainder when 51 is divided by i.
13
Suppose 7*z - 2*z - 5 = 0. Calculate the remainder when 2 is divided by z.
0
What is the remainder when ((-30)/8 - 2)*-28 is divided by 41?
38
Let v(a) = -a**3 + 11*a**2 + 13*a + 14. Calculate the remainder when v(12) is divided by 9.
8
Let d = -73 - -79. What is the remainder when 10 is divided by d?
4
Suppose s - 1 = 12. Let t = 17 + 6. Calculate the remainder when t is divided by s.
10
Let r = 3 + -3. Let g be 4*(1/2 + r). Suppose 4*y = -2*q + 8, -2*y + 16 = 3*q + g*y. What is the remainder when 22 is divided by q?
6
Let b = 6 - 2. Calculate the remainder when b is divided by 3.
1
Suppose -3*a = -13 - 29. Suppose 0 = -5*y - 3*q - q + 265, -y = -3*q - 53. Calculate the remainder when y is divided by a.
11
Suppose -2*v - 290 = -7*v. Suppose -a + v + 8 = 0. Suppose 2*j - 5 - a = -5*t, 3*j + 3*t - 84 = 0. Calculate the remainder when j is divided by 6.
5
Let y be 8 - (5 - (3 + 0)). Suppose -2*a = -y*a + 36. What is the remainder when 17 is divided by a?
8
Let s = 0 - -11. Calculate the remainder when s is divided by (1/(-3))/(3/(-63)).
4
Let l = 55 - 33. Let f(k) = k**3 + k + 8. Calculate the remainder when l is divided by f(0).
6
Let w = 11 - 10. Let o(x) be the third derivative of 7*x**6/120 + x**5/60 - x**4/24 - x**2. Calculate the remainder when o(w) is divided by 4.
3
Let j = 130 - 68. What is the remainder when 18 is divided by 1/(-3 - j/(-20))?
8
Suppose 5*m = 2 + 63. Let s = m + 3. What is the remainder when 63 is divided by s?
15
Suppose -5*y + 10 = 5*u, -y = -5*u - 0*y - 2. Let h be -6*(40/(-6) - u). Let z = h - 17. Calculate the remainder when z is divided by 8.
7
Let o = -32 - -55. Let q be 16/10 - (-2)/5. Suppose q*y = 7 + o. What is the remainder when 43 is divided by y?
13
Let m(p) = 3*p - 3. Suppose 0 = 7*y - 52 - 25. Calculate the remainder when y is divided by m(3).
5
What is the remainder when 2/(-12) + 1570/60 is divided by 7?
5
Suppose -2*m - k + 1 = -17, -4*k = -16. What is the remainder when 13 is divided by m?
6
Let f = -99 + 32. Let u = 124 + f. What is the remainder when u is divided by 15?
12
Suppose -57 = -5*j + 63. What is the remainder when 119 is divided by j?
23
What is the remainder when (-3)/2*(-2080)/48 is divided by 18?
11
Suppose -5*d - 4*q = 77 - 194, 0 = -2*d + 3*q + 56. What is the remainder when d is divided by 7?
4
Let f(c) be the third derivative of -c**5/60 - 11*c**4/24 - c**3/3 - 3*c**2. What is the remainder when 30 is divided by f(-9)?
14
Let c(s) = s**3 + 1. Let m be c(-1). Suppose h + m*h = 3. Suppose i = h*y + 9, -5*y = 5*i - y - 83. What is the remainder when 59 is divided by i?
14
Suppose 80 = 3*q - 58. Suppose 5*l + 159 + 156 = 0. What is the remainder when q is divided by l/(-4) - 1/(-4)?
14
Suppose 4*z = 30 + 54. What is the remainder when 60 is divided by z?
18
Let c = 22 - 12. Let g(m) = m + 13. Let j be g(0). Let d = j + -9. Calculate the remainder when c is divided by d.
2
Suppose -5*o + 60 + 60 = 0. Calculate the remainder when (-212)/(-3) + 4/(-6) is divided by o.
22
Suppose 0 = 26*f - 22*f - 88. What is the remainder when 334/8 + 1/4 is divided by f?
20
Let k = -5 + 10. Let t = -4 + k. Let i = 6 - t. Calculate the remainder when 8 is divided by i.
3
Suppose -2*w + 158 = -48. Calculate the remainder when w is divided by 35.
33
Let c(q) = -q**3 - 9*q**2 - 4*q - 3. Let o(p) = -p + 1. Let k(z) = c(z) + o(z). Calculate the remainder when k(-9) is divided by 15.
13
Let n(w) = 11*w - 7. Let z(g) be the first derivative of 2*g**2 + 3*g + 2. What is the remainder when n(4) is divided by z(4)?
18
Suppose -13 = -4*k + 27. What is the remainder when k is divided by (-2)/6*(-23 - -11)?
2
Let c(r) = r**2 - 2*r - 7. Let j(u) = -9*u + 1. Let d be -1*((-1)/1)/(-1). What is the remainder when c(7) is divided by j(d)?
8
Let q(o) = 71*o**2 - 2*o - 2. What is the remainder when q(-1) is divided by 25?
21
Let k(w) = -2*w - 2. Suppose 0 = -0*z + 3*z - 24. Let t = 5 - z. Calculate the remainder when 6 is divided by k(t).
2
Let w = -33 - -44. Calculate the remainder when 42 is divided by w.
9
Calculate the remainder when 15 is divided by (-4)/(2 - 1 - 2) + 8.
3
Suppose 0 = -4*y, -2*y - 1 - 1 = -c. Suppose -b + 15 = c*b. What is the remainder when b is divided by 3?
2
Suppose -5*z - 29 + 104 = 0. Suppose -4*w - z = -71. Calculate the remainder when w is divided by 8.
6
Let w = 89 + -85. Calculate the remainder when 12 is divided by w.
0
Let c(j) = j**3 + 5*j**2 - 7*j + 7. Suppose 127*h = 126*h + 5. What is the remainder when c(-6) is divided by h?
3
Suppose -20 = -z - 2*r - 1, 10 = z - r. What is the remainder when 50 is divided by z?
11
Suppose -5*u + 270 = -0*u. Let r = -26 - -40. Calculate the remainder when u is divided by r.
12
Suppose 4*u - 4*k - 28 = -0*k, 4*k + 13 = u. Let j(g) = 2*g**2 + 1. What is the remainder when j(3) is divided by 0 + -1 + 40/u?
5
Suppose 3*t + 38 = 110. What is the remainder when t is divided by 10?
4
Suppose 4*h - p = 3*p - 76, 0 = 3*p + 6. Let f be (1 + h/(-9))*-3. Let s = f + 21. Calculate the remainder when s is divided by 4.
3
Let f be 2/(-6) + (-86)/(-6). Suppose -2*r - 37 = -5*b + f, 4*r - 6 = -2*b. What is the remainder when b is divided by (20/6)/(8/12)?
4
Suppose 0 = -5*p - 3*d + 113, -5*p + 2*p = 2*d - 67. Calculate the remainder when p + (16/4 - 4) is divided by 7.
4
Calculate the remainder when (6/(-9))/(1*2/(-108)) is divided by (-41)/(-3) - 4/6.
10
Calculate the remainder when 61 is divided by (-2 - (-2 - -4)) + 20.
13
Let f(n) be the first derivative of n**2/2 - n + 3. Calculate the remainder when f(6) is divided by 4.
1
Suppose -16*j + 58 + 22 = 0. Calculate the remainder when 9 is divided by j.
4
Calculate the remainder when 6 is divided by (-2)/(4/(-2)*(-2 - -3)).
0
Let j = 5 + -2. Let v = j + 15. Suppose -4*z - 106 = -6*z. What is the remainder when z is divided by v?
17
Suppose 2*l + 4*i = 28, 2*l - 11 - 27 = i. Let k = 154 + -73. Suppose 0 = -3*v + 24 + k. Calculate the remainder when v is divided by l.
17
Let m(d) = 2*d. Suppose 1 = 3*f + s, -4*s - 3 - 6 = -f. Let x(b) = 4*b**2 + 2*b - 1. Calculate the remainder when m(4) is divided by x(f).
3
Suppose -5*c - 5 = 20. Let u(v) = v**2 - v + 4. What is the remainder when u(c) is divided by 12?
10
Let k = -52 - -37. What is the remainder when 5/(k/(-78)) + -2 is divided by 5?
4
Suppose 4*g = -5 - 7. Let m = 0 + g. What is the remainder when 19 is divided by (-1*15)/m*1?
4
Suppose 55 - 19 = 2*c. Let f = 4 - -4. Let b(z) = -z**3 + 10*z**2 - 12*z + 3. What is the remainder when b(f) is divided by c?
17
Suppose 3*s = 3*x + 102, -2*x + 29 = s + 2*x. Let a = -5 + 9. Suppose c = -a*c + 85. Calculate the remainder when s is divided by c.
16
Let r(i) = -3*i - 10. Calculate the remainder when r(-8) is divided by 6.
2
Suppose 0 